{"id":235,"date":"2019-01-19T17:34:11","date_gmt":"2019-01-19T22:34:11","guid":{"rendered":"http:\/\/a3e.ca\/cgnV6\/?page_id=235"},"modified":"2020-08-11T07:15:54","modified_gmt":"2020-08-11T12:15:54","slug":"a-propos-de-nous","status":"publish","type":"page","link":"https:\/\/golfnapierville.ca\/accueil\/a-propos-de-nous\/","title":{"rendered":"A propos de nous"},"content":{"rendered":"<p><\/p>\n\n\n<\/p>\n<h3 style=\"text-align: center;\"><strong>Fond\u00e9 en 1975, vous appr\u00e9cierez ce magnifique parcours mature. <\/strong><\/h3>\n<h3 style=\"text-align: center;\"><strong>Abordable, il est ouvert au public et disponible pour vos tournois.<\/strong><\/h3>\n<h3>\u00a0<\/h3>\n<h3 style=\"text-align: center;\"><strong>Cette normale de 72, munie d\u2019un syst\u00e8me d\u2019irrigation, offre une vari\u00e9t\u00e9 int\u00e9ressante de difficult\u00e9s et repr\u00e9sente un d\u00e9fi de choix quel que soit le calibre de votre jeu.<\/strong><\/h3>\n<h3><strong>\n\n\n\n<\/strong><\/h3>\n<h3>\u00a0<\/h3>\n<h3 style=\"text-align: center;\"><strong>Situ\u00e9 \u00e0 environ 20 minutes du pont Champlain, vous y acc\u00e9dez par l\u2019autoroute 15 sud, en empruntant la sortie 21.<\/strong><\/h3>\n<p>\n\n\n<p><\/p>\n<p>\t\t\t\t\t\t\t<a href=\"https:\/\/www.facebook.com\/clubdegolfnapierville\/\" target=\"_blank\" rel=\"noopener noreferrer\"><br>\n\t\t\t\t\tFacebook<br>\n\t\t\t\t<\/a><br>\n\t\t\t\t\t\t\t<a href=\"mailto:administration@golfnapierville.ca\" target=\"_blank\" rel=\"noopener noreferrer\"><br>\n\t\t\t\t\tEnvelope<br>\n\t\t\t\t<\/a><\/p>","protected":false},"excerpt":{"rendered":"<p>Fond\u00e9 en 1975, vous appr\u00e9cierez ce magnifique parcours mature. Abordable, il est ouvert au public et disponible pour vos tournois. \u00a0 Cette normale de 72, munie d\u2019un syst\u00e8me d\u2019irrigation, offre une vari\u00e9t\u00e9 int\u00e9ressante de difficult\u00e9s et repr\u00e9sente un d\u00e9fi de [&hellip;]<\/p>\n","protected":false},"author":1,"featured_media":0,"parent":140,"menu_order":0,"comment_status":"closed","ping_status":"closed","template":"elementor_header_footer","meta":{"footnotes":""},"class_list":["post-235","page","type-page","status-publish","hentry","clearfix"],"_links":{"self":[{"href":"https:\/\/golfnapierville.ca\/wp-json\/wp\/v2\/pages\/235","targetHints":{"allow":["GET"]}}],"collection":[{"href":"https:\/\/golfnapierville.ca\/wp-json\/wp\/v2\/pages"}],"about":[{"href":"https:\/\/golfnapierville.ca\/wp-json\/wp\/v2\/types\/page"}],"author":[{"embeddable":true,"href":"https:\/\/golfnapierville.ca\/wp-json\/wp\/v2\/users\/1"}],"replies":[{"embeddable":true,"href":"https:\/\/golfnapierville.ca\/wp-json\/wp\/v2\/comments?post=235"}],"version-history":[{"count":21,"href":"https:\/\/golfnapierville.ca\/wp-json\/wp\/v2\/pages\/235\/revisions"}],"predecessor-version":[{"id":644,"href":"https:\/\/golfnapierville.ca\/wp-json\/wp\/v2\/pages\/235\/revisions\/644"}],"up":[{"embeddable":true,"href":"https:\/\/golfnapierville.ca\/wp-json\/wp\/v2\/pages\/140"}],"wp:attachment":[{"href":"https:\/\/golfnapierville.ca\/wp-json\/wp\/v2\/media?parent=235"}],"curies":[{"name":"wp","href":"https:\/\/api.w.org\/{rel}","templated":true}]}}